t the prime factors of 2836395.
3, 5, 63031
List the prime factors of 2241856.
2, 23, 1523
List the prime factors of 532042.
2, 7, 61, 89
What are the prime factors of 603047?
603047
What are the prime factors of 13549097?
653, 20749
What are the prime factors of 22085554?
2, 127, 86951
List the prime factors of 823165.
5, 7, 29, 811
What are the prime factors of 4398644?
2, 41, 26821
What are the prime factors of 74079?
3, 8231
What are the prime factors of 257778?
2, 3, 14321
List the prime factors of 1016469.
3, 47, 89
List the prime factors of 24196709.
19, 31, 41081
List the prime factors of 7890831.
3, 13, 22481
What are the prime factors of 577680?
2, 3, 5, 29, 83
List the prime factors of 3287395.
5, 31, 127, 167
What are the prime factors of 9559884?
2, 3, 796657
List the prime factors of 3680797.
37, 53, 1877
What are the prime factors of 1279048?
2, 61, 2621
What are the prime factors of 620248?
2, 31, 41, 61
List the prime factors of 8386528.
2, 262079
List the prime factors of 452296.
2, 13, 4349
List the prime factors of 137621.
11, 12511
List the prime factors of 66639.
3, 97, 229
List the prime factors of 209565.
3, 5, 4657
List the prime factors of 58172.
2, 14543
List the prime factors of 29306.
2, 14653
What are the prime factors of 1950154?
2, 113, 8629
List the prime factors of 269683.
269683
List the prime factors of 742356.
2, 3, 17, 1213
What are the prime factors of 5784090?
2, 3, 5, 13, 14831
List the prime factors of 1092526.
2, 546263
List the prime factors of 101237.
67, 1511
List the prime factors of 330972.
2, 3, 27581
What are the prime factors of 3300639?
3, 1100213
What are the prime factors of 1071835?
5, 47, 4561
What are the prime factors of 534314?
2, 11, 149, 163
What are the prime factors of 383913?
3, 59, 241
List the prime factors of 180971.
7, 103, 251
What are the prime factors of 1614546?
2, 3, 29, 1031
What are the prime factors of 914366?
2, 457183
What are the prime factors of 417392?
2, 19, 1373
What are the prime factors of 222834?
2, 3, 37139
List the prime factors of 2202112.
2, 11, 17, 23
What are the prime factors of 7464420?
2, 3, 5, 23, 601
List the prime factors of 966683.
43, 22481
What are the prime factors of 1985900?
2, 5, 7, 2837
List the prime factors of 148278.
2, 3, 13, 1901
What are the prime factors of 182276?
2, 45569
List the prime factors of 896785.
5, 179357
List the prime factors of 17402048.
2, 127, 2141
List the prime factors of 1005178.
2, 541, 929
What are the prime factors of 540550?
2, 5, 19, 569
List the prime factors of 38389.
13, 2953
What are the prime factors of 23417671?
19, 43, 28663
List the prime factors of 820952.
2, 11, 19, 491
What are the prime factors of 63595?
5, 7, 23, 79
What are the prime factors of 80113?
11, 7283
What are the prime factors of 324246?
2, 3, 13, 4157
What are the prime factors of 1593301?
41, 38861
List the prime factors of 2483581.
17, 146093
What are the prime factors of 1653190?
2, 5, 7, 11, 19, 113
List the prime factors of 1749448.
2, 218681
List the prime factors of 7528960.
2, 5, 17, 173
List the prime factors of 459432.
2, 3, 709
What are the prime factors of 2008846?
2, 7, 143489
List the prime factors of 1282860.
2, 3, 5, 7127
List the prime factors of 14624088.
2, 3, 609337
List the prime factors of 5027419.
19, 264601
What are the prime factors of 16189058?
2, 113, 71633
What are the prime factors of 324804?
2, 3, 27067
List the prime factors of 5571918.
2, 3, 11, 107, 263
List the prime factors of 3481496.
2, 435187
What are the prime factors of 22710200?
2, 5, 23, 4937
List the prime factors of 30491883.
3, 151, 277
List the prime factors of 4003217.
1973, 2029
List the prime factors of 1764210.
2, 3, 5, 7, 31, 271
What are the prime factors of 164123?
41, 4003
List the prime factors of 331553.
331553
What are the prime factors of 6276749?
6276749
What are the prime factors of 194182?
2, 79, 1229
List the prime factors of 321721.
321721
List the prime factors of 519309.
3, 7, 8243
What are the prime factors of 22111873?
7, 3158839
List the prime factors of 1088067.
3, 79, 4591
List the prime factors of 82474.
2, 7, 43, 137
List the prime factors of 76328.
2, 7, 29, 47
List the prime factors of 1554613.
1554613
List the prime factors of 2644220.
2, 5, 29, 47, 97
List the prime factors of 6967932.
2, 3, 31, 18731
List the prime factors of 4942353.
3, 13, 353, 359
What are the prime factors of 2661559?
233, 11423
List the prime factors of 868585.
5, 19, 41, 223
What are the prime factors of 1003213?
379, 2647
What are the prime factors of 1911934?
2, 955967
List the prime factors of 8207.
29, 283
What are the prime factors of 6737440?
2, 5, 17, 2477
List the prime factors of 96416.
2, 23, 131
List the prime factors of 8615645.
5, 19, 89, 1019
What are the prime factors of 7282520?
2, 5, 7, 31, 839
What are the prime factors of 139454?
2, 7, 1423
List the prime factors of 127041.
3, 17, 47, 53
What are the prime factors of 2643532?
2, 251, 2633
What are the prime factors of 5608839?
3, 47, 39779
What are the prime factors of 190265?
5, 38053
List the prime factors of 670060.
2, 5, 33503
List the prime factors of 45168.
2, 3, 941
List the prime factors of 18546142.
2, 23, 193, 2089
List the prime factors of 2238397.
7, 131, 2441
List the prime factors of 3836798.
2, 7, 17, 47
What are the prime factors of 133723?
133723
List the prime factors of 178611.
3, 29, 2053
What are the prime factors of 3105543?
3, 7, 17, 8699
List the prime factors of 9643425.
3, 5, 11, 11689
List the prime factors of 130310.
2, 5, 83, 157
List the prime factors of 1647623.
17, 19, 5101
List the prime factors of 4112823.
3, 11, 13, 9587
What are the prime factors of 571427?
43, 97, 137
List the prime factors of 5294924.
2, 31, 42701
List the prime factors of 13780170.
2, 3, 5, 153113
List the prime factors of 6475157.
13, 498089
What are the prime factors of 582724?
2, 145681
List the prime factors of 6321019.
109, 57991
List the prime factors of 18744361.
18744361
List the prime factors of 221009.
29, 7621
List the prime factors of 135986.
2, 67993
List the prime factors of 1780271.
1780271
List the prime factors of 2908863.
3, 323207
What are the prime factors of 18881958?
2, 3, 29, 108517
What are the prime factors of 106129?
106129
List the prime factors of 153836.
2, 38459
List the prime factors of 1047925.
5, 167, 251
List the prime factors of 3569539.
3569539
What are the prime factors of 14972497?
29, 516293
List the prime factors of 168312.
2, 3, 7013
List the prime factors of 311919.
3, 173, 601
List the prime factors of 1073819.
1073819
What are the prime factors of 1816460?
2, 5, 90823
List the prime factors of 91279.
37, 2467
What are the prime factors of 406699?
406699
What are the prime factors of 3989155?
5, 37, 21563
What are the prime factors of 7949133?
3, 883237
What are the prime factors of 361283?
13, 27791
List the prime factors of 2065451.
37, 55823
List the prime factors of 243498.
2, 3, 40583
What are the prime factors of 3562262?
2, 11, 161921
What are the prime factors of 10319532?
2, 3, 661, 1301
What are the prime factors of 597675?
3, 5, 13, 613
List the prime factors of 4920738.
2, 3, 41, 83, 241
What are the prime factors of 973465?
5, 19, 10247
List the prime factors of 1568249.
47, 61, 547
What are the prime factors of 28785205?
5, 31, 185711
List the prime factors of 1785620.
2, 5, 19, 37, 127
What are the prime factors of 20642057?
20642057
List the prime factors of 3990373.
3990373
What are the prime factors of 614954?
2, 19, 16183
List the prime factors of 6075908.
2, 1518977
What are the prime factors of 2398433?
2398433
List the prime factors of 5357987.
1433, 3739
List the prime factors of 4203441.
3, 11, 14153
What are the prime factors of 167999?
13, 12923
What are the prime factors of 797076?
2, 3, 7, 3163
What are the prime factors of 211735?
5, 17, 47, 53
List the prime factors of 334138.
2, 7, 29, 823
List the prime factors of 36529010.
2, 5, 7, 127, 587
List the prime factors of 225252.
2, 3, 6257
What are the prime factors of 3878283?
3, 23, 56207
What are the prime factors of 3467956?
2, 19, 45631
List the prime factors of 239234.
2, 119617
List the prime factors of 2020874.
2, 163, 6199
What 